et q be n + 1 + (-2)/1. Suppose 4*g - 16 = -q*g - 4*w, 0 = 5*g - w - 38. List the prime factors of g.
7
Suppose 2*g + 33 = -3*k - 0*k, 2*g = -k - 7. Let v = 21 + k. Let i(p) = -p**3 + 8*p**2 + 3. What are the prime factors of i(v)?
3
Let f = -55 - -59. List the prime factors of f.
2
Let u be (-47)/7 - 2/7. Let b = u + 11. Suppose 0 = b*w - 2 - 26. List the prime factors of w.
7
Suppose 4*w - 167 = 9. What are the prime factors of w?
2, 11
Let u = 17 + -12. Let z(v) = 6*v - v - 34 + 41 - 4*v. List the prime factors of z(u).
2, 3
Let u(f) = f**2 - 4*f + 2. Let n be u(4). Suppose 5*t - o - 94 = -n*o, 0 = -5*t - 2*o + 98. List the prime factors of t.
2, 3
List the prime factors of (-9)/(-12)*1644/9.
137
Let f(u) = -5*u**3 + 2*u**2 + 2. Let d be f(2). Let h be 6/4*d/(-9). Suppose 5*y - 3*l - 37 = 0, -h*y + y + 5*l = -27. What are the prime factors of y?
2
Let x be (-5)/(-15) - (-16)/6. Suppose -n - x*n = -60. What are the prime factors of n?
3, 5
Let c(q) = 10*q + 20. Let g(t) = 29*t + 60. Let x(l) = 17*c(l) - 6*g(l). What are the prime factors of x(-15)?
2, 5
Suppose -129 - 42 = -9*s. What are the prime factors of s?
19
Let b = 6 - 1. Let j = -5 + b. Suppose -6*z = -2*z + 2*d - 54, j = -z - 2*d + 21. List the prime factors of z.
11
Suppose 17 = -4*q - 19. List the prime factors of (q/1)/((-21)/70).
2, 3, 5
Suppose 0*r + r = 6. Suppose -f + 5*f = 3*u - 6, 0 = -3*u - f + 21. What are the prime factors of (-4)/r*(-27)/u?
3
Let s = -4 - -7. List the prime factors of (2 - s/(-1))*1.
5
Let a(o) = o**3 + 13*o - 17. What are the prime factors of a(5)?
173
Suppose 3*s - s - 86 = -4*c, 3*c = -s + 64. What are the prime factors of c?
3, 7
Let s = 55 + -27. List the prime factors of (10/(-7))/((-4)/s).
2, 5
What are the prime factors of -20*-1*(-22)/(-8)?
5, 11
Let b be (-3)/((9/(-30))/1). Let g = b - 14. Let a(k) = -k**3 - 5*k**2 - 6*k - 3. List the prime factors of a(g).
5
Let l = 187 - -6. Suppose -2*a = o - 94, 2*o - 2*a + a - l = 0. What are the prime factors of (3 - 0)/(18/o)?
2
Let n(d) be the third derivative of -d**4/12 + 5*d**3/6 - d**2. Let x = -3 + -1. List the prime factors of n(x).
13
Let x = 43 - 31. Let c = -10 + x. What are the prime factors of c?
2
Suppose s + 2*o - 15 = -o, -3*o + 12 = 0. Suppose s*m = m + 6. Suppose 4*x + 4*g - 44 = 0, -m*g + 35 = 3*x - g. What are the prime factors of x?
13
Suppose -2*v = 2*p - 76, 4*v - 50 - 61 = -3*p. List the prime factors of p.
41
Suppose -4*r + 2 = -22. List the prime factors of (r/(-5))/((-7)/35).
2, 3
Let x = 4 - 2. Suppose p = x*p - 17. What are the prime factors of p?
17
Let j = 20 - 53. What are the prime factors of (-145)/(-11) - (-6)/j?
13
Let w(a) = -a**2 + 4*a + 2. Let z be w(5). Let i(h) = -2*h**3 + h**2 + 4*h + 2. What are the prime factors of i(z)?
53
Suppose 0 = -2*w - w + 78. Let g be w/7 + 4/14. Suppose -2 = -2*t + 2*p, g*p - 49 = -2*t - 17. List the prime factors of t.
2, 3
Let i = 13 - 17. What are the prime factors of -2 + 1/(i/(-40))?
2
Let r(t) = -t - 7. What are the prime factors of r(-13)?
2, 3
Suppose 0 = 6*y - 2*y - 8. Let p = y - -8. List the prime factors of p.
2, 5
Let n(b) = -2*b**3 - 2*b**2 + 3*b + 2. Let i be n(-2). What are the prime factors of ((-46)/i)/((-3)/6)?
23
Suppose -3*y + 66 = -y. Suppose -2*u + 5*u - y = 0. What are the prime factors of u?
11
Suppose 0 = g - 0 - 9. List the prime factors of g.
3
What are the prime factors of 2 - (-105)/(3 - 0)?
37
Let y = 0 - -2. Let l = y - -3. List the prime factors of l.
5
Suppose -3*a - 86 = -293. List the prime factors of a.
3, 23
Let s(y) = -3*y. What are the prime factors of s(-8)?
2, 3
Suppose -3*s = -3, -4*s = -4*h + 67 + 369. What are the prime factors of h?
2, 5, 11
Let r(f) = f**2 + 12*f - 15. List the prime factors of r(-18).
3, 31
Let t(v) = 10*v + 5. Let p be t(-4). Let y = 49 + p. What are the prime factors of y?
2, 7
Let z = -10 - -15. Suppose 7*a + z*u = 2*a + 10, 0 = -5*a + u + 10. List the prime factors of 1/a*-2*-11.
11
Let t(h) = -4*h - 1. Let j be t(-4). Suppose 6*o - 12 = 2*o. Suppose o = y - j. List the prime factors of y.
2, 3
Suppose 4 = r + 1. Suppose 2*t + r - 10 = -l, -t - 57 = -5*l. What are the prime factors of l?
11
Let k(f) = 2*f - 3. Let v be k(4). Suppose 0*a = v*a + 45. Let m = a - -14. List the prime factors of m.
5
Let q = 76 + -49. What are the prime factors of q?
3
Let t = 16 - -8. Suppose s + 5*k = 5, 5*k + 20 - 75 = 4*s. Let z = s + t. List the prime factors of z.
2, 7
Suppose -m = -a - 109, -5 = -a - 1. List the prime factors of m.
113
Suppose -16 = 4*c + 4. Let g = c - -9. List the prime factors of g.
2
Let r = -2 - 3. Let u(s) be the first derivative of -s**2/2 + 2*s + 3. List the prime factors of u(r).
7
Suppose 2*s - 17 = 39. What are the prime factors of s?
2, 7
Let t be (1 + -3)*(-5 - -1). Let u be -22*(-2)/t*2. Suppose 14 = 5*j + q - u, 3*q = -3*j + 3. List the prime factors of j.
2, 3
Let p(g) = -g. Let b be p(-4). Suppose b*l - l - 24 = 0. List the prime factors of l.
2
Suppose 5*z = 5*i - 5, 5*i + 0*z - 15 = -5*z. Suppose t + i = -5. Let j(m) = -3*m - 10. List the prime factors of j(t).
11
Let b be 1/(-3) - (-1832)/(-12). Let j be b/5 - (-3)/5. What are the prime factors of (2/(-3))/(5/j)?
2
Let l be 3/2 + (-2)/(-4). Let p(z) = l + 0*z - 2*z - z + 2*z. What are the prime factors of p(-4)?
2, 3
What are the prime factors of (-10)/(-65) - 1/(13/(-3820))?
2, 3, 7
What are the prime factors of 95/(-19)*176/(-10)?
2, 11
Let x be 2 + (1 - 4) + -1. What are the prime factors of x/(-7) - 702/(-42)?
17
Let k be ((-46)/6)/(2/6). Suppose 0 = -12*n + 16*n - 128. Let w = k + n. What are the prime factors of w?
3
Let i(h) = -h**2 - 10*h + 1. Let w be i(-9). What are the prime factors of ((-35)/25)/((-2)/w)?
7
Let q = -95 - -63. What are the prime factors of ((-9)/3)/(3/q)?
2
Let y = 5 + 0. Suppose -5*c = -y*j + 30, 0 = -2*j - j + 4*c + 21. Suppose 0 = -0*v - j*v + 45. List the prime factors of v.
3, 5
Let x = 1 - -5. Let j(g) = g - 1. Let r be j(x). Suppose d - 11 = -0*d + b, 2*d - r*b - 10 = 0. What are the prime factors of d?
3, 5
Suppose 5*y + 5 = 0, 5*y + 0*y = -3*a + 13. Let m(z) be the third derivative of z**5/60 - z**4/6 - 2*z**2. What are the prime factors of m(a)?
2, 3
Let f = 85 - 43. List the prime factors of f.
2, 3, 7
List the prime factors of (-4)/10*(-880)/2.
2, 11
Suppose 3*l - 55 = 62. What are the prime factors of l?
3, 13
Let b = 153 - 6. List the prime factors of b.
3, 7
Suppose 0 = 2*y + 8, x + 2 - 1 = -2*y. Let v be 2/x - (-9)/(-7). Let f = 9 + v. List the prime factors of f.
2
Suppose 3*f + 210 = -4*j + 18, f + 139 = -3*j. List the prime factors of 2/(6/j)*-1.
3, 5
Let u(y) = y**2 + 4*y + 1. Let c be u(-4). Suppose -o - c = -0*o - k, 0 = 3*k + 3. What are the prime factors of (-20)/o*(-6)/(-5)?
2, 3
Suppose 0 = q - 2*t + 7*t, 4*t = -3*q. Let u be (q - -2 - 3)*-2. Suppose -2*p = -5*f + 2*p + 91, u = 2*p. List the prime factors of f.
19
Let z(p) = 3*p**2 - 4*p + 3. Let l be z(2). Suppose 0*m - m + l = 0. What are the prime factors of m?
7
Suppose -d + 3*d = 16. What are the prime factors of d?
2
Let v(i) be the first derivative of i**4/4 + 2*i**3/3 + i**2/2 + i + 1. Let p(a) = a**2 + 4*a + 2. Let s be p(-4). List the prime factors of v(s).
19
Suppose 2*i = -3*t + 16, t - 20 = -4*t. Suppose 4*r - 22 = i*r. What are the prime factors of r?
11
Suppose 0 = 4*o + 20, 2*d + 10 = d - o. Let f(i) = i**3 + 7*i**2 + 6*i + 3. Let k be f(-6). Let r = k - d. What are the prime factors of r?
2
Let s = -2 + -2. Let m = 6 + s. What are the prime factors of m?
2
Let l(y) = y**2 + 1. Suppose -3*x - b - 2 = 4, 2*x = -3*b - 4. Let d be l(x). Let f = d - -3. What are the prime factors of f?
2
Suppose -6*o + 15*o - 1512 = 0. List the prime factors of o.
2, 3, 7
Let o = -28 + 61. List the prime factors of o.
3, 11
What are the prime factors of ((-1)/(-2))/((-2)/(-52))?
13
Let v(w) = -w**2 - 7*w - 10. Let f be v(-4). Suppose -a = -0*a + j - 19, -2*a + f*j + 54 = 0. What are the prime factors of a?
23
Let o(n) = 28*n**2 + 2*n + 16. What are the prime factors of o(-3)?
2, 131
Let n = 88 - 60. Let b = 57 - n. List the prime factors of b.
29
Suppose 25 = -5*j - 4*r + 62, 2*j - 1 = 3*r. What are the prime factors of j?
5
Let g(p) = 5*p**3 - 3*p**2 + 6*p + p**2 - 5*p + 0*p**2. Let j be g(1)